nits digit of (-1)/(-2) + (-85)/m?
9
Let z be (2 + 16)*(-2)/3. Let v = 18 + z. What is the units digit of v?
6
Suppose -5*s + 9*s - 392 = 0. Suppose -3*l + s - 35 = 0. What is the units digit of l?
1
Suppose -2*r + 160 = 3*r. What is the tens digit of r?
3
Suppose -4*t = -3*z - 2*t - 47, 5*t - 80 = 5*z. Let q be (-2)/(2/z*3). Let x(w) = w**3 - 6*w**2 + 6*w - 1. What is the units digit of x(q)?
4
Suppose -8 + 74 = 2*n. What is the tens digit of n?
3
Suppose -y = -1, t - 49 = -y - 0. Suppose 2*v + 9 = 2*p - 5, 2*v + 16 = 3*p. Suppose p*a = -5*f + 46, -3*a + 6*f - 3*f + t = 0. What is the tens digit of a?
1
What is the units digit of (-24)/(-3) - (1 + 2)?
5
Let u = -8 - -5. Let k = u + 2. What is the units digit of (k/(-3))/(4/36)?
3
Suppose -224 = -a - a. Let q = a + -37. Suppose -7*x + 2*x = -3*l - 65, 5*l = 5*x - q. What is the tens digit of x?
1
Let k be 0 + -2 + 3 + -6. Let r = k - -9. Suppose -3*y = 15, r*y + 10 = o - 16. What is the units digit of o?
6
Let c(s) = -5*s + 10. Let y(q) = q - 1. Let i(j) = c(j) + 4*y(j). What is the units digit of i(-7)?
3
Let l = -1 - -2. Let c be (-2 - -5 - -2)*l. Suppose 5*m = 3*f - 34, -4*f - 5*m + c = -17. What is the units digit of f?
8
Let x be (-770)/(-6) + 9/(-27). Let a = x + -86. What is the tens digit of a?
4
Let t(p) be the second derivative of p**5/20 + 7*p**4/12 + p**3 + 5*p**2/2 - p. What is the units digit of t(-6)?
5
Suppose 0*f + 5*f - 5*t + 5 = 0, -f - 1 = 5*t. Let c = -1 + 2. What is the tens digit of c/2*(f + 23)?
1
Let l(z) = -3*z - 15. Let b = -7 + -7. What is the units digit of l(b)?
7
Let r be -10 + -1 + 2 - -2. Let d = -4 - r. Suppose b - 12 = k - 5*k, 5*b = -d*k - 8. What is the units digit of k?
4
Let x = 3 - -10. Let a be -2 + 2 + (-2 - 0). Let q = a + x. What is the units digit of q?
1
Let m = 608 - 344. What is the hundreds digit of m?
2
Let m(l) = l**2 - 2*l - 2. What is the units digit of m(-7)?
1
Suppose 0 = -3*i - h + 10, -4*h + 26 = 3*i + h. What is the units digit of i?
2
Suppose -5*q + 5*h + 254 - 64 = 0, -5*h = 0. What is the tens digit of q?
3
Let i(p) = -p**3 - 11*p**2 + 12*p + 17. Let m be (6 - -2)/((-4)/6). What is the tens digit of i(m)?
1
Let g(n) = 20*n. What is the tens digit of g(1)?
2
Suppose -12 = 2*x - 4. What is the units digit of x/18 + (-65)/(-9)?
7
Suppose 4*q = -4*t, -9 = -2*t - 0*t + q. What is the units digit of t?
3
Let t(f) = f**2 + 10*f - 6. Let o be t(-10). What is the units digit of 8/o*63/(-6)?
4
Let k(g) = -2*g - 16. Let s be k(-8). Let b be (6/(-4))/(1/(-2)). Suppose b*w - 36 = -s*w. What is the units digit of w?
2
Suppose -3*a - 478 = -5*f, -4*f + 248 = 4*a - 160. What is the units digit of f?
8
Suppose 7*x - 4*x - 5*n - 114 = 0, -5*x + 5*n = -200. What is the units digit of x?
3
Suppose 0*v + 8 = 3*k + 4*v, -3*v + 6 = k. Suppose y - 3*y + 4 = k. Suppose -y*f + 0*f + 6 = 0. What is the units digit of f?
3
Suppose -b = b - 4. Suppose 2*i - i + 4*h = 7, 26 = 2*i + b*h. Let u = -11 + i. What is the units digit of u?
4
Suppose 4*x + 16 = 0, -2*t - 22 = -4*t - 5*x. What is the units digit of t?
1
Let d be (28/21)/(2/(-27)). Let n = d + 44. What is the tens digit of n?
2
Let x = 163 - 103. Suppose -5*q + x = -0*q. What is the units digit of q?
2
Let q(r) = -4*r**2 + 3 - 2 + 0*r**2 + 5*r**2 - r. What is the units digit of q(1)?
1
Let n be (-5 - (-2 + 4))/(-1). Let x(j) = 6*j - 7. Let d be x(n). Suppose -5*l - 5 + d = 0. What is the units digit of l?
6
Suppose 2*t = -t + 15, 5*f + 3*t = 70. Suppose d + 7 = -2*p - 0*p, 3*p + f = -d. What is the units digit of p/22 - (-13)/11?
1
Let y = -55 + 199. What is the tens digit of y?
4
Suppose 5*o - m + 2*m = 48, -o - 5*m + 24 = 0. Let u(b) = -b + 5. Let k be u(o). What is the units digit of ((-22)/4)/(2/k)?
1
Suppose 30 = d + d. Suppose 2*l - d + 9 = 0. What is the units digit of l?
3
Let u(t) = 2*t + 8. Let x(q) = -q - 7. Let f(m) = 3*u(m) + 4*x(m). What is the units digit of f(4)?
4
Suppose -3*w + 13 = -3*j - 8, w - 3*j = 5. Let a(i) = i**2 - 8*i - 1. Let z be a(w). What is the units digit of (-5 + 19)*z/(-2)?
7
Suppose -k = 3*t - 3*k - 42, -t + 5*k + 1 = 0. Suppose -d = 2*w + 2, 2*w + 2*d + 4 = -0*w. Suppose t = 2*j - w. What is the units digit of j?
8
Let a = -3 + 7. Suppose -22 = -2*w - 3*w - j, 8 = a*w + 4*j. Suppose -w*p - 10 = -6*p. What is the tens digit of p?
1
Let z = 11 + -9. Suppose 4*b = 5*v - 75, 4*v - 59 = z*b + b. What is the units digit of v?
1
Let z be 30/4*14/21. Suppose -3*n + 20 = z. Suppose -b + 1 = -2*b, -g + 10 = -n*b. What is the units digit of g?
5
Let v(d) = -d**2 - 8*d + 5. What is the tens digit of v(-4)?
2
Let q(p) = -2*p**3 + 18*p**2 - 5*p + 1. What is the tens digit of q(8)?
8
Suppose 0 = 4*f - 4*t - 32, 0*f - 3*t - 6 = 3*f. Let l = f + 10. What is the tens digit of l?
1
Suppose -31 = 5*y - 6. Let b(c) = c + 6. Let i be b(y). Let h = i - 0. What is the units digit of h?
1
Suppose -4*d = -3*y + 378, -3*d = 2*y - 211 - 41. What is the tens digit of y?
2
Suppose 3*c = 4*u + c + 126, 5*u = 3*c - 160. Let t be -1 - 0 - (u + 2). Suppose -5*m - 4*r + 3*r = -26, 2*r = 3*m - t. What is the units digit of m?
6
Suppose 2*u - 3 + 5 = 4*f, -f - 7 = -2*u. Suppose 0 = 5*j - 20, 5*j - 29 = -f*n - 6. What is the units digit of n/(-10)*-14*5?
7
Suppose -o + 6 = 4. What is the units digit of 1/(-2)*(o + -6)?
2
Let u = 105 - 84. What is the units digit of u?
1
Let u = -14 - -34. What is the units digit of u?
0
Suppose 4*u - 20 = 0, -u + 483 = -5*s + 133. Let y = -47 - s. What is the tens digit of y?
2
Suppose 4*w - 5*x - 21 = 0, w + 5*x = 6*w - 30. Let h(p) = p**3 - 8*p**2 - 9*p + 4. Let o be h(w). Let k = o + 6. What is the tens digit of k?
1
Let v(t) = -t + 7. Let o be v(6). Suppose 0 = -5*q + o - 41. Let i(h) = h**2 + 8*h + 1. What is the units digit of i(q)?
1
Let r = -1 - -5. Let u(b) = 3 + b - r*b + 7*b + b**2. What is the units digit of u(-4)?
3
What is the units digit of (-14)/49 - (-6243)/21?
7
Let p(c) = 14*c + 6. Let g(i) = i + 1. Let o(n) = -5*g(n) + p(n). Let w be o(1). What is the units digit of (6/(-15))/((-2)/w)?
2
Let y be (-20)/3*6/(-2). Suppose y = 4*o + o. Suppose -x + 7 = -o. What is the tens digit of x?
1
Let b(g) = 2*g**3 - 3*g**2 - 1. Let v be b(3). Suppose -v + 4 = -t. Suppose -4*w - 32 = -3*m, 0 = 3*m + w - 0*w - t. What is the units digit of m?
8
Let c(y) = y**2 - 2*y + 3. Let f be c(-6). Let u = f + -20. What is the tens digit of u?
3
Suppose 3*n - 23 + 17 = 0. What is the units digit of n?
2
Suppose -3*d = -2*d - 8. Suppose -d*w + 4*w + 48 = 0. What is the tens digit of w?
1
Let m = -3 - -3. Suppose 0 = -m*o - 3*o + 30. Let a(u) = -u**3 + 11*u**2 - 11*u + 11. What is the units digit of a(o)?
1
Let q(c) be the first derivative of c**4/4 + 14*c**3/3 - c**2 - 4*c + 1. What is the units digit of q(-14)?
4
Let o be (2 + -1 + -1)/(-1). Let r be 0 + -20 + o/(-2). What is the units digit of (-37)/(-5) + 8/r?
7
Suppose 10*d + 9 = 59. Let v(g) be the first derivative of -g**3/3 + 9*g**2/2 - 5*g - 1. What is the units digit of v(d)?
5
Let o be 52/(-44) + 4/22. Let h be -10*o/2 - 2. Suppose h*f - 10 = 2*f. What is the units digit of f?
0
Let c = 43 - -27. What is the tens digit of c?
7
Let t(h) = h**2 + 6*h - 19. What is the units digit of t(-12)?
3
Let a(y) = -y**2 + 4*y + 7. Let b be a(5). Suppose 0 = -b*k + 6 + 24. What is the units digit of k?
5
Suppose 0 = -2*l + 22. What is the tens digit of l?
1
Let y(l) = l**2. Let t(j) = 4*j**2 + 12*j + 9. Let k(n) = -t(n) + 3*y(n). Let g be k(-11). Suppose 5*s + 4 = 2*s - g*f, 20 = -4*f. What is the units digit of s?
2
Let i(b) be the second derivative of b**3/2 - 13*b**2/2 + 6*b. What is the units digit of i(7)?
8
Let f(c) = -c + 8. Let k be f(7). Let t = k + 7. What is the units digit of t?
8
Let m(g) = g + 1. Let u(h) = -3*h - 12. Let p(l) = -6*m(l) - u(l). Let k be p(7). Let x = 25 + k. What is the units digit of x?
0
Let l be 74/(-10) + 12/(-20). Let h = 18 + l. What is the units digit of h?
0
Suppose 1 = -v + 3*b - 8, v + 4*b = 12. Suppose -4*q + 71 - 23 = v. Suppose -4*l = -4*k - q, l - 3*k + 8*k = -9. What is the units digit of l?
1
Suppose d - 65 = -4*d. What is the units digit of d?
3
Let p be 6/8 - 21/(-4). Suppose -2*q - q = 4*n - 8, 3*n - p = 5*q. What is the units digit of (8 - n) + -4 + 3?
5
What is the units digit of